{"id":402,"date":"2013-12-22T13:30:03","date_gmt":"2013-04-29T21:31:10","guid":{"rendered":"http:\/\/www.caritas-su.org.rs\/?page_id=402"},"modified":"2016-05-31T09:07:06","modified_gmt":"2016-05-31T07:07:06","slug":"jelenlet-2","status":"publish","type":"page","link":"https:\/\/www.caritas-su.org.rs\/?page_id=402","title":{"rendered":"Jelenl\u00e9t"},"content":{"rendered":"<p><strong>Besz\u00e1mol\u00f3 a Caritas Szabadka tev\u00e9kenys\u00e9g\u00e9r\u0151l 2015-ben.<\/strong><\/p> <p>2015-ben a Caritas Szabadka a k\u00f6vetkez\u0151 ter\u00fcleteken tev\u00e9kenykedett:<\/p> <ul> <li>Id\u0151sek ell\u00e1t\u00e1sa, Szabadk\u00e1n, Kanizs\u00e1n, Kishegyesen \u00e9s Zent\u00e1n<\/li> <li>Caritas-Club tev\u00e9kenys\u00e9ge \u2013 Hajl\u00e9ktalanok ell\u00e1t\u00e1sa<\/li> <li>Id\u0151sek \u00e9s betegek sz\u00e1ll\u00edt\u00e1sa<\/li> <li>Menek\u00fcltek \u00e9s migr\u00e1nsok ell\u00e1t\u00e1sa<\/li> <li>Nyelvoktat\u00e1s<\/li> <li>Pl\u00e9b\u00e1niai Caritas-csoportok anim\u00e1l\u00e1sa<\/li> <li>K\u00f6rnyezetv\u00e9delem<\/li> <li>Szeg\u00e9nys\u00e9gelleni k\u00fczdelem<\/li> <li>K\u00f3rh\u00e1zi \u00e1gyak, tol\u00f3kocsik, \u00e9s m\u00e1s seg\u00e9deszk\u00f6z\u00f6k k\u00f6lcs\u00f6nz\u00e9se<\/li> <li>Meghallgat\u00f3 k\u00f6zpont<\/li> <\/ul> <p><strong>1 Id\u0151sek ell\u00e1t\u00e1sa<\/strong><\/p> <p>A \u201eh\u00e1zi kiseg\u00edt\u00e9s \u00e9s alapvet\u0151 \u00e1pol\u00e1s\u201d szolg\u00e1lat k\u00f6zpontja Szabadka. Kihelyezett munkacsoportok tev\u00e9kenykednek m\u00e9g Kanizs\u00e1n, Kishegyesen \u00e9s Zent\u00e1n. A szolg\u00e1latot a v\u00e1rosi korm\u00e1nyzat \u00e9s a k\u00f6zs\u00e9gi \u00f6nkorm\u00e1nyzatok finansz\u00edrozz\u00e1k.<\/p> <p>Havonta a k\u00f6vetkez\u0151 adatok t\u00fckr\u00f6zik a tev\u00e9kenys\u00e9get:<\/p> <p>Munkat\u00e1rs\u00a0\u00a0\u00a0 gondozott\u00a0\u00a0\u00a0\u00a0 l\u00e1togat\u00e1s\u00a0\u00a0\u00a0\u00a0\u00a0 szolg\u00e1ltat\u00e1s<\/p> <p>Kanizs\u00e1n\u00a0\u00a0\u00a0\u00a0\u00a0 10\u00a0\u00a0\u00a0\u00a0\u00a0\u00a0\u00a0\u00a0\u00a0\u00a0\u00a0\u00a0\u00a0\u00a0\u00a0 177\u00a0\u00a0\u00a0\u00a0\u00a0\u00a0\u00a0\u00a0\u00a0\u00a0\u00a0\u00a0\u00a0 885\u00a0\u00a0\u00a0\u00a0\u00a0\u00a0\u00a0\u00a0\u00a0\u00a0\u00a0\u00a0\u00a0 4680<\/p> <p>Kishegyesen \u00a0 3\u00a0\u00a0\u00a0\u00a0\u00a0\u00a0\u00a0\u00a0\u00a0\u00a0\u00a0\u00a0\u00a0\u00a0\u00a0 \u00a0 60\u00a0\u00a0\u00a0\u00a0\u00a0\u00a0\u00a0\u00a0\u00a0\u00a0\u00a0\u00a0\u00a0 313\u00a0\u00a0\u00a0\u00a0\u00a0\u00a0\u00a0\u00a0\u00a0\u00a0\u00a0\u00a0\u00a0 \u00a0 973<\/p> <p>Zent\u00e1n\u00a0\u00a0\u00a0\u00a0\u00a0\u00a0\u00a0\u00a0 \u00a0 4\u00a0\u00a0\u00a0\u00a0\u00a0\u00a0\u00a0\u00a0\u00a0\u00a0\u00a0\u00a0\u00a0\u00a0\u00a0 \u00a0 76\u00a0\u00a0\u00a0\u00a0\u00a0\u00a0\u00a0\u00a0\u00a0\u00a0\u00a0\u00a0\u00a0 408\u00a0\u00a0\u00a0\u00a0\u00a0\u00a0\u00a0\u00a0\u00a0\u00a0\u00a0\u00a0\u00a0 1135<\/p> <p>Szabadk\u00e1n\u00a0\u00a0 \u00a0 8\u00a0\u00a0\u00a0\u00a0\u00a0\u00a0\u00a0\u00a0\u00a0\u00a0\u00a0\u00a0\u00a0\u00a0\u00a0 220\u00a0\u00a0\u00a0\u00a0\u00a0\u00a0\u00a0\u00a0\u00a0\u00a0\u00a0\u00a0\u00a0 709\u00a0\u00a0\u00a0\u00a0\u00a0\u00a0\u00a0\u00a0\u00a0\u00a0\u00a0\u00a0\u00a0 4282<\/p> <p><strong>2 Caritas-Club<\/strong><\/p> <p>A Caritas-Club az \u00e9v elej\u00e9t\u0151l \u00f6nk\u00e9ntes alapon m\u0171k\u00f6d\u00f6tt, mert nem tal\u00e1ltunk t\u00e1mogat\u00f3t a munkat\u00e1rsak fizet\u00e9s\u00e9re. A k\u00f6zmunk\u00e1k keret\u00e9ben k\u00e9t alkalmazottat vehett\u00fcnk fel j\u00fanius 1-j\u00e9t\u0151l okt\u00f3ber 31-\u00e9ig \u00edgy a tev\u00e9kenys\u00e9g szervezettebben folytat\u00f3dott az \u00e9v v\u00e9g\u00e9ig.<\/p> <p>A Caritas-Club rendszeres tev\u00e9kenys\u00e9ge mellett a k\u00f6vetkez\u0151ket szervezt\u00fck m\u00e9g meg a Clubban:<\/p> <p>Az \u00f6nk\u00e9ntesek vezet\u0151je, dr. B\u00f6rcs\u00f6k T\u00fcnde hetenk\u00e9nt v\u00e9rnyom\u00e1s- \u00e9s v\u00e9rcukorszint m\u00e9r\u00e9st v\u00e9gzett \u00e9s orvosi tan\u00e1csokkal l\u00e1tta el a klubtagokat.<\/p> <p><strong>Az id\u0151sek vil\u00e1gnapj\u00e1ra<\/strong> szervezett m\u0171sor keret\u00e9ben a Djuro Salaj iskola tanul\u00f3i \u00e9nekeltek, szavaltak \u00e9s t\u00e1ncoltak az id\u0151s<strong>ek \u00f6r\u00f6m\u00e9re, valamint a Caritas-Club \u00e9nekkara szerepelt. A v\u00e9g\u00e9n szer\u00e9ny agap\u00e9val<\/strong> z\u00e1rult a m\u0171sor.<\/p> <p><strong>A kar\u00e1csonyi m\u0171sor<\/strong> keret\u00e9ben a ludasi iskol\u00e1s \u00e9s \u00f3vod\u00e1s gyermekek, valamint a Ludas Matyi m\u0171vel\u0151d\u00e9si egyes\u00fclet Asszonyk\u00f3rusa \u00e9s t\u00e1nccsoportja l\u00e9ptek fel magyar nyelven. Horv\u00e1tul a s\u00e1ndori hittanosok r\u00f6vid jelenete mutatott r\u00e1, mi is a kar\u00e1csony.<\/p> <p>A szabadkai v\u00e1llalkoz\u00f3k adom\u00e1nyaib\u00f3l k\u00e9sz\u00edtett <strong>kar\u00e1csonyi-\u00faj\u00e9vi csomagokat<\/strong> a t\u00e9lap\u00f3 osztotta sz\u00e9t 70 gyermeknek. Ezt a v\u00e1ros vezet\u0151s\u00e9ge szervezte meg a Caritas-Clubban.<\/p> <p>A helyi k\u00f6z\u00f6ss\u00e9g nyugd\u00edjasai \u00e9s a N\u0151i F\u00f3rum havonta b\u00e1lokat szervez az id\u0151sek r\u00e9sz\u00e9re.<\/p> <p>K\u00e9thetente szervez\u00fcnk utaz\u00e1st a kanizsai vagy junakovici gy\u00f3gyf\u00fcrd\u0151be.<\/p> <p>Dr. Magyar L\u00f3r\u00e1nt ment\u00e1lhigi\u00e9n\u00e9s szakorvos hetenk\u00e9nt tartott csoportos foglalkoz\u00e1sokat \u00e9s egy\u00e9ni konzult\u00e1ci\u00f3kat. Hasonl\u00f3k\u00e9ppen Kov\u00e1cs G\u00e9za hagioter\u00e1pi\u00e1s tal\u00e1lkoz\u00f3kat szervez k\u00e9thetenk\u00e9nt.<\/p> <ol start=\"2014\"> <li>december 31-\u00e9n indult a <strong>hajl\u00e9ktalanok mened\u00e9ke<\/strong> program a Caritas-Clubban \u00e9s 2015. janu\u00e1r 13-ig tartott, majd febru\u00e1r 6-t\u00f3l 18-ig. Ezt Szabadka V\u00e1ros korm\u00e1nyzata p\u00e9nzelte a V\u00f6r\u00f6skereszt szervez\u00e9s\u00e9ben. \u00c1tlagban 16-20 szem\u00e9ly vette ig\u00e9nybe az \u00e9jjeli sz\u00e1ll\u00e1s, a napi h\u00e1rom \u00e9tkez\u00e9s, a f\u00fcrd\u00e9s \u00e9s ruhamos\u00e1s lehet\u0151s\u00e9g\u00e9t \u00e9s az alapvet\u0151 orvosi ell\u00e1t\u00e1st. A Szoci\u00e1lis K\u00f6zpont m\u00e9rte fel \u00e9s d\u00f6nt\u00f6tte el, hogy ki kaphat mened\u00e9ket a Clubban. A Caritas Szabadka \u00f6nk\u00e9ntesei adtak \u00e9jjeli \u00fcgyeletet minden nap.<\/li> <\/ol> <p><strong>3\u00a0 Id\u0151sek \u00e9s betegek sz\u00e1ll\u00edt\u00e1sa<\/strong><\/p> <p>Az id\u0151sek \u00e9s betegek sz\u00e1ll\u00edt\u00e1s\u00e1t egy munkat\u00e1rsunk v\u00e9gzi, egy szem\u00e9lyg\u00e9pkocsival, vagy a kombival.\u00a0 Az ambulanci\u00e1ra, rehabilit\u00e1ci\u00f3ra, fogorvoshoz val\u00f3 sz\u00e1ll\u00edt\u00e1sra \u00e9s adminisztr\u00e1ci\u00f3s \u00fcgyek rendez\u00e9s\u00e9re k\u00e9rik ezt a szolg\u00e1latot. A Caritas-Clubban szervezett programokra, a betegek mis\u00e9j\u00e9re is sz\u00e1ll\u00edtottuk az id\u0151seket. Hetente10-14 oda-vissza sz\u00e1ll\u00edt\u00e1st teljes\u00edtett\u00fcnk. Ezt a linzi Caritas t\u00e1mogatja.<\/p> <p><strong>4\u00a0 Menek\u00fcltek \u00e9s migr\u00e1nsok ell\u00e1t\u00e1sa<\/strong><\/p> <p>Az orsz\u00e1gos projektum keret\u00e9n bel\u00fcl indult a menek\u00fcltek \u00e9s migr\u00e1nsok t\u00e1mogat\u00e1s\u00e1nak programja. Ezt h\u00e1rom adom\u00e1nyoz\u00f3 t\u00e1mogatja:<\/p> <p>Els\u0151k\u00e9nt a CRS &#8211; az Amerikai P\u00fcsp\u00f6kkari Konferencia szeretetszolg\u00e1lata b\u00e9relt egy 80 n\u00e9gyzetm\u00e9ter alapter\u00fclet\u0171 mont\u00e1zs\u00e9p\u00fcletet, melyet a Kanizsai rend\u0151rs\u00e9g udvar\u00e1ban \u00e1ll\u00edtottak fel. Ennek egyik r\u00e9sz\u00e9ben k\u00e9t szob\u00e1ban nyolc \u00e1gy van, h\u00e1rom tusol\u00f3 \u00e9s h\u00e1rom WC mosd\u00f3val, melyben a n\u0151k \u00e9s gyermekek kaphattak elhelyez\u00e9st. A m\u00e1sik r\u00e9sz\u00e9ben hat tusol\u00f3 \u00e9s hat WC mosd\u00f3val, melyet a csal\u00e1d f\u00e9rfi tagjai, vagy m\u00e1s f\u00e9rfiak haszn\u00e1lhattak. A helyis\u00e9gek \u00e9s k\u00f6rnyezet\u00fck tiszt\u00e1ntart\u00e1s\u00e1ra a Caritas Szabadka alkalmazott k\u00e9t kiszolg\u00e1l\u00f3 szem\u00e9lyt a CRS t\u00e1mogat\u00e1s\u00e1val.<\/p> <p>M\u00e1sodik adom\u00e1nyoz\u00f3 a N\u00e9met Korm\u00e1ny, a harmadik pedig a Deutscher Caritasverband, melyek egy\u00fctt t\u00e1mogatt\u00e1k a menek\u00fcltek \u00e9s migr\u00e1nsok ell\u00e1t\u00e1s\u00e1t Szabadk\u00e1n a t\u00e9glagy\u00e1r ter\u00fclet\u00e9n, Kanizs\u00e1n az ideiglenes befogad\u00f3 k\u00f6zpontban \u00e9s Horgosn\u00e1l a hat\u00e1r\u00e1tkel\u0151 k\u00f6zel\u00e9ben, majd pedig Sidn\u00e9l, ahova h\u00e1romtag\u00fa munkacsoport hetenk\u00e9nt k\u00e9tszer ment az eg\u00e9szs\u00e9g\u00fcgyi ell\u00e1t\u00e1sban seg\u00edteni. A mintegy h\u00e1rom \u00e9s f\u00e9l h\u00f3napos id\u0151szakban 4254 \u00e9lelmiszercsomagot, 310 n\u0151knek k\u00e9sz\u00edtett higi\u00e9niai csomagot \u00e9s 201 gyermekeknek sz\u00e1nt csomagot, valamint 80 es\u0151kab\u00e1tot osztottunk sz\u00e9t.<\/p> <p><strong>5 Nyelvoktat\u00e1s<\/strong><\/p> <p>Az Emberi Er\u0151forr\u00e1sok Miniszt\u00e9rium\u00e1nak p\u00e1ly\u00e1zat\u00e1n nyert a Caritas Szabadka t\u00e1mogat\u00e1st a szerb \u00e9s az angol nyelv k\u00fcl\u00f6noktat\u00e1s\u00e1ra a szabadkai M\u0171szaki F\u0151iskola di\u00e1kjai sz\u00e1m\u00e1ra. Az oktat\u00e1st a zentai Science doo. val\u00f3s\u00edtotta meg. Az els\u0151 \u00e9vesek k\u00f6z\u00fcl 90 fiatal tanult angolul \u00e9s szerb\u00fcl. A m\u00e1sodikosok k\u00f6z\u00fcl 50 magyar di\u00e1k tanulta a szerb nyelvet heti k\u00e9t \u00f3r\u00e1ban.<\/p> <p><strong>6 A pl\u00e9b\u00e1niai Caritas-csoportok anim\u00e1l\u00e1sa<\/strong><\/p> <p>Az Olasz Caritas, az orsz\u00e1gos Caritas k\u00f6zvet\u00edt\u00e9s\u00e9vel t\u00e1mogatta a pl\u00e9b\u00e1niai Caritas-csoportok aktiv\u00e1l\u00e1s\u00e1t. P\u00e1ly\u00e1zat keret\u00e9ben nyerhettek 500 Eur\u00f3nyi \u00f6sszeget valamilyen mikroprojektum lebonyol\u00edt\u00e1s\u00e1ra. 5 pl\u00e9b\u00e1nia \u00f6nk\u00e9ntesei \u00e9ltek ezzel a lehet\u0151s\u00e9ggel.<\/p> <p>A nagyb\u00f6jti id\u0151ben a gyermekek k\u00f6z\u00f6tt, a pl\u00e9b\u00e1nosok \u00e9s hitoktat\u00f3k k\u00f6zrem\u0171k\u00f6d\u00e9s\u00e9vel, gy\u0171jt\u00e9st szervezt\u00fcnk a templomokban az ukrajnai gyermekek jav\u00e1ra. Az 1000 Eur\u00f3nyi \u00f6sszeget a G\u00f6r\u00f6gkatolikus Exarch\u00e1tus Caritas-\u00f6nk\u00e9ntesei vitt\u00e9k el a r\u00e1szorul\u00f3knak.<\/p> <p>December 6-\u00e1n val\u00f3sult meg a Caritas-vas\u00e1rnapi gy\u0171jt\u00e9s az egyh\u00e1zmegye templomaiban. Az adom\u00e1nyokat a pl\u00e9b\u00e1niai Caritas-csoportok anim\u00e1l\u00e1s\u00e1ra ford\u00edtjuk.<\/p> <p>December 12-\u00e9n \u00dajvid\u00e9ken tartottuk meg a Caritas \u00f6nk\u00e9nteseinek \u00e9s munkat\u00e1rsainak \u00e9vi lelkinapj\u00e1t. A 200 r\u00e9sztvev\u0151 fele egyh\u00e1zmegy\u00e9nkb\u0151l j\u00f6tt.<\/p> <p><strong>7 K\u00f3rh\u00e1zi \u00e1gyak, tol\u00f3kocsik, \u00e9s m\u00e1s seg\u00e9deszk\u00f6z\u00f6k k\u00f6lcs\u00f6nz\u00e9se<\/strong><\/p> <p>Az \u00e9v v\u00e9g\u00e9ig b\u00e9rmentesen haszn\u00e1latra adtunk 18 k\u00f3rh\u00e1zi \u00e1gyat, 86 tol\u00f3kocsit, 75 j\u00e1r\u00f3k\u00e1t, 20 botot \u00e9s 5 szobav\u00e9c\u00e9t.<\/p> <p><strong>8 Meghallgat\u00f3 k\u00f6zpont<\/strong><\/p> <p>Minden seg\u00e9lyk\u00e9r\u0151t egy \u00f6nk\u00e9ntes meghallgat, felveszi az adatait, felm\u00e9ri a szoci\u00e1lis helyzet\u00e9t, tan\u00e1csokkal l\u00e1tja el, hogy hogyan val\u00f3s\u00edthatja meg alapvet\u0151 polg\u00e1ri jogait, \u00e9s amennyiben van, \u00e9lelmiszer csomagot, ruh\u00e1t, l\u00e1bbelit ad neki.<\/p> <p>Rendszeresen k\u00f6zvet\u00edt\u00fcnk b\u00fatort \u00e9s h\u00e1ztart\u00e1si g\u00e9peket az adom\u00e1nyoz\u00f3k \u00e9s a r\u00e1szorul\u00f3k k\u00f6z\u00f6tt, megszervezve a sz\u00e1ll\u00edt\u00e1st is.<\/p> <h3>Related Images:<\/h3>","protected":false},"excerpt":{"rendered":"<p>Besz\u00e1mol\u00f3 a Caritas Szabadka tev\u00e9kenys\u00e9g\u00e9r\u0151l 2015-ben. 2015-ben a Caritas Szabadka a k\u00f6vetkez\u0151 ter\u00fcleteken tev\u00e9kenykedett: Id\u0151sek ell\u00e1t\u00e1sa, Szabadk\u00e1n, Kanizs\u00e1n, Kishegyesen \u00e9s Zent\u00e1n Caritas-Club tev\u00e9kenys\u00e9ge \u2013 Hajl\u00e9ktalanok ell\u00e1t\u00e1sa Id\u0151sek \u00e9s betegek sz\u00e1ll\u00edt\u00e1sa Menek\u00fcltek \u00e9s migr\u00e1nsok ell\u00e1t\u00e1sa Nyelvoktat\u00e1s Pl\u00e9b\u00e1niai Caritas-csoportok anim\u00e1l\u00e1sa K\u00f6rnyezetv\u00e9delem Szeg\u00e9nys\u00e9gelleni k\u00fczdelem K\u00f3rh\u00e1zi \u00e1gyak, tol\u00f3kocsik, \u00e9s m\u00e1s seg\u00e9deszk\u00f6z\u00f6k k\u00f6lcs\u00f6nz\u00e9se Meghallgat\u00f3 k\u00f6zpont 1 Id\u0151sek ell\u00e1t\u00e1sa A \u201eh\u00e1zi [&hellip;]<\/p>\n","protected":false},"author":1,"featured_media":0,"parent":397,"menu_order":0,"comment_status":"closed","ping_status":"open","template":"","meta":{"ngg_post_thumbnail":0,"footnotes":""},"class_list":["post-402","page","type-page","status-publish","hentry"],"_links":{"self":[{"href":"https:\/\/www.caritas-su.org.rs\/index.php?rest_route=\/wp\/v2\/pages\/402","targetHints":{"allow":["GET"]}}],"collection":[{"href":"https:\/\/www.caritas-su.org.rs\/index.php?rest_route=\/wp\/v2\/pages"}],"about":[{"href":"https:\/\/www.caritas-su.org.rs\/index.php?rest_route=\/wp\/v2\/types\/page"}],"author":[{"embeddable":true,"href":"https:\/\/www.caritas-su.org.rs\/index.php?rest_route=\/wp\/v2\/users\/1"}],"replies":[{"embeddable":true,"href":"https:\/\/www.caritas-su.org.rs\/index.php?rest_route=%2Fwp%2Fv2%2Fcomments&post=402"}],"version-history":[{"count":3,"href":"https:\/\/www.caritas-su.org.rs\/index.php?rest_route=\/wp\/v2\/pages\/402\/revisions"}],"predecessor-version":[{"id":956,"href":"https:\/\/www.caritas-su.org.rs\/index.php?rest_route=\/wp\/v2\/pages\/402\/revisions\/956"}],"up":[{"embeddable":true,"href":"https:\/\/www.caritas-su.org.rs\/index.php?rest_route=\/wp\/v2\/pages\/397"}],"wp:attachment":[{"href":"https:\/\/www.caritas-su.org.rs\/index.php?rest_route=%2Fwp%2Fv2%2Fmedia&parent=402"}],"curies":[{"name":"wp","href":"https:\/\/api.w.org\/{rel}","templated":true}]}}