{"id":118,"date":"2013-04-29T23:52:17","date_gmt":"2013-04-29T21:50:31","guid":{"rendered":"http:\/\/www.caritas-su.org.rs\/?page_id=118"},"modified":"2015-05-28T11:27:23","modified_gmt":"2015-05-28T09:27:23","slug":"kanizsa","status":"publish","type":"page","link":"https:\/\/www.caritas-su.org.rs\/?page_id=118","title":{"rendered":"Kanizsa"},"content":{"rendered":"<p style=\"text-align: justify;\"><span style=\"font-size: 12pt; font-family: 'trebuchet ms', geneva, sans-serif;\">Kanizsa \u00f6nkorm\u00e1nyzat ter\u00fclet\u00e9n 2009 nyar\u00e1n kezdte el a szabadkai Caritas a h\u00e1zi \u00e1pol\u00e1si szolg\u00e1lat ki\u00e9p\u00edt\u00e9s\u00e9t. A h\u00e1zi \u00e1pol\u00e1si szolg\u00e1lat hivatalosan 2009.08.07-\u00e9n kezdett el m\u0171k\u00f6dni, Kanizsa \u00e9s Horgos ter\u00fclet\u00e9n. A szolg\u00e1lat szervez\u00e9s\u00e9ben akt\u00edvan r\u00e9szt vettek a Kanizsai \u00d6nkorm\u00e1nyzat k\u00e9pvisel\u0151i, valamint a helyi V\u00f6r\u00f6skereszt, Szoci\u00e1lis V\u00e9delmi K\u00f6zpont, Kanizsai Eg\u00e9szs\u00e9gh\u00e1z, a Szoci\u00e1lis Szolg\u00e1ltat\u00e1sokat Ny\u00fajt\u00f3 K\u00f6zpont, valamint a Caritas Szabadka k\u00e9pvisel\u0151i.<\/span><\/p> <p style=\"text-align: justify;\"><span style=\"font-size: 12pt; font-family: 'trebuchet ms', geneva, sans-serif;\">Caritas Szabadka megnyert egy k\u00f6zmunka p\u00e1ly\u00e1zatot a Tartom\u00e1nyi Munka\u00fcgyi, Foglalkoztat\u00e1si \u00e9s Nemi Egyenjog\u00fas\u00e1gi Titk\u00e1rs\u00e1gn\u00e1l. Ez a projektum n\u00e9gy foglalkoztatott r\u00e9sz\u00e9re, hat h\u00f3napig tette lehet\u0151v\u00e9 a munk\u00e1t. A Kanizsai \u00d6nkorm\u00e1nyzat a V\u00f6r\u00f6skereszt \u00e9p\u00fclet\u00e9ben biztos\u00edtott irod\u00e1t a szolg\u00e1lat r\u00e9sz\u00e9re. Az iroda kit\u0171n\u0151 \u00e9s k\u00f6nnyen megk\u00f6zel\u00edthet\u0151 helyen van.<\/span><\/p> <p style=\"text-align: justify;\"><span style=\"font-size: 12pt; font-family: 'trebuchet ms', geneva, sans-serif;\">Kanizs\u00e1n a h\u00e1zi-\u00e1pol\u00e1si szolg\u00e1lat n\u00e9gy foglalkoztatottal indult, akik 50 id\u0151s, beteg \u00e9s rokkant szem\u00e9lyt l\u00e1ttak el. 2011. 08. 01-\u00e9n a szolg\u00e1lat tov\u00e1bbi \u00f6t munkat\u00e1rssal b\u0151v\u00fclt. \u00cdgy 2011 v\u00e9g\u00e9n a h\u00e1zi-\u00e1pol\u00e1si szolg\u00e1lat t\u00f6bb sz\u00e1z r\u00e1szorul\u00f3 ember mindennapj\u00e1t tette k\u00f6nnyebb\u00e9, szebb\u00e9, \u00e9lhet\u0151bb\u00e9. Ekkor m\u00e1r a Caritas szolg\u00e1ltat\u00e1sai Kanizs\u00e1n, Horgoson, Martonoson, Oromon, Oromhegyesen \u00e9s Kispiacon is el\u00e9rhet\u0151k voltak.<\/span><\/p> <p style=\"text-align: justify;\"><span style=\"font-size: 12pt; font-family: 'trebuchet ms', geneva, sans-serif;\">A kezdeti projektb\u0151l a szolg\u00e1lat ker\u00e9kp\u00e1rokkal, v\u00e9rnyom\u00e1sm\u00e9r\u0151kkel, eg\u00e9szs\u00e9g\u00fcgyi fogy\u00f3eszk\u00f6z\u00f6kkel \u00e9s telefonokkal lett felszerelve.<\/span><\/p> <h3>Related Images:<\/h3>","protected":false},"excerpt":{"rendered":"<p>Kanizsa \u00f6nkorm\u00e1nyzat ter\u00fclet\u00e9n 2009 nyar\u00e1n kezdte el a szabadkai Caritas a h\u00e1zi \u00e1pol\u00e1si szolg\u00e1lat ki\u00e9p\u00edt\u00e9s\u00e9t. A h\u00e1zi \u00e1pol\u00e1si szolg\u00e1lat hivatalosan 2009.08.07-\u00e9n kezdett el m\u0171k\u00f6dni, Kanizsa \u00e9s Horgos ter\u00fclet\u00e9n. A szolg\u00e1lat szervez\u00e9s\u00e9ben akt\u00edvan r\u00e9szt vettek a Kanizsai \u00d6nkorm\u00e1nyzat k\u00e9pvisel\u0151i, valamint a helyi V\u00f6r\u00f6skereszt, Szoci\u00e1lis V\u00e9delmi K\u00f6zpont, Kanizsai Eg\u00e9szs\u00e9gh\u00e1z, a Szoci\u00e1lis Szolg\u00e1ltat\u00e1sokat Ny\u00fajt\u00f3 K\u00f6zpont, valamint a Caritas [&hellip;]<\/p>\n","protected":false},"author":1,"featured_media":0,"parent":93,"menu_order":0,"comment_status":"closed","ping_status":"closed","template":"","meta":{"ngg_post_thumbnail":0,"footnotes":""},"class_list":["post-118","page","type-page","status-publish","hentry"],"_links":{"self":[{"href":"https:\/\/www.caritas-su.org.rs\/index.php?rest_route=\/wp\/v2\/pages\/118","targetHints":{"allow":["GET"]}}],"collection":[{"href":"https:\/\/www.caritas-su.org.rs\/index.php?rest_route=\/wp\/v2\/pages"}],"about":[{"href":"https:\/\/www.caritas-su.org.rs\/index.php?rest_route=\/wp\/v2\/types\/page"}],"author":[{"embeddable":true,"href":"https:\/\/www.caritas-su.org.rs\/index.php?rest_route=\/wp\/v2\/users\/1"}],"replies":[{"embeddable":true,"href":"https:\/\/www.caritas-su.org.rs\/index.php?rest_route=%2Fwp%2Fv2%2Fcomments&post=118"}],"version-history":[{"count":2,"href":"https:\/\/www.caritas-su.org.rs\/index.php?rest_route=\/wp\/v2\/pages\/118\/revisions"}],"predecessor-version":[{"id":528,"href":"https:\/\/www.caritas-su.org.rs\/index.php?rest_route=\/wp\/v2\/pages\/118\/revisions\/528"}],"up":[{"embeddable":true,"href":"https:\/\/www.caritas-su.org.rs\/index.php?rest_route=\/wp\/v2\/pages\/93"}],"wp:attachment":[{"href":"https:\/\/www.caritas-su.org.rs\/index.php?rest_route=%2Fwp%2Fv2%2Fmedia&parent=118"}],"curies":[{"name":"wp","href":"https:\/\/api.w.org\/{rel}","templated":true}]}}

<p style="text-align: justify;"><span style="font-size: 12pt; font-family: 'trebuchet ms', geneva, sans-serif;">Kanizsa önkormányzat területén 2009 nyarán kezdte el a szabadkai Caritas a házi ápolási szolgálat kiépítését. A házi ápolási szolgálat hivatalosan 2009.08.07-én kezdett el működni, Kanizsa és Horgos területén. A szolgálat szervezésében aktívan részt vettek a Kanizsai Önkormányzat képviselői, valamint a helyi Vöröskereszt, Szociális Védelmi Központ, Kanizsai Egészségház, a Szociális Szolgáltatásokat Nyújtó Központ, valamint a Caritas Szabadka képviselői.</span></p> <p style="text-align: justify;"><span style="font-size: 12pt; font-family: 'trebuchet ms', geneva, sans-serif;">Caritas Szabadka megnyert egy közmunka pályázatot a Tartományi Munkaügyi, Foglalkoztatási és Nemi Egyenjogúsági Titkárságnál. Ez a projektum négy foglalkoztatott részére, hat hónapig tette lehetővé a munkát. A Kanizsai Önkormányzat a Vöröskereszt épületében biztosított irodát a szolgálat részére. Az iroda kitűnő és könnyen megközelíthető helyen van.</span></p> <p style="text-align: justify;"><span style="font-size: 12pt; font-family: 'trebuchet ms', geneva, sans-serif;">Kanizsán a házi-ápolási szolgálat négy foglalkoztatottal indult, akik 50 idős, beteg és rokkant személyt láttak el. 2011. 08. 01-én a szolgálat további öt munkatárssal bővült. Így 2011 végén a házi-ápolási szolgálat több száz rászoruló ember mindennapját tette könnyebbé, szebbé, élhetőbbé. Ekkor már a Caritas szolgáltatásai Kanizsán, Horgoson, Martonoson, Oromon, Oromhegyesen és Kispiacon is elérhetők voltak.</span></p> <p style="text-align: justify;"><span style="font-size: 12pt; font-family: 'trebuchet ms', geneva, sans-serif;">A kezdeti projektből a szolgálat kerékpárokkal, vérnyomásmérőkkel, egészségügyi fogyóeszközökkel és telefonokkal lett felszerelve.</span></p> <h3>Related Images:</h3>

<p>Kanizsa önkormányzat területén 2009 nyarán kezdte el a szabadkai Caritas a házi ápolási szolgálat kiépítését. A házi ápolási szolgálat hivatalosan 2009.08.07-én kezdett el működni, Kanizsa és Horgos területén. A szolgálat szervezésében aktívan részt vettek a Kanizsai Önkormányzat képviselői, valamint a helyi Vöröskereszt, Szociális Védelmi Központ, Kanizsai Egészségház, a Szociális Szolgáltatásokat Nyújtó Központ, valamint a Caritas [&hellip;]</p>
