{"id":114,"date":"2013-04-29T23:50:01","date_gmt":"2013-04-29T21:46:46","guid":{"rendered":"http:\/\/www.caritas-su.org.rs\/?page_id=114"},"modified":"2015-05-28T11:26:06","modified_gmt":"2015-05-28T09:26:06","slug":"mali-idos","status":"publish","type":"page","link":"https:\/\/www.caritas-su.org.rs\/?page_id=114","title":{"rendered":"Mali I\u0111o\u0161"},"content":{"rendered":"<p style=\"text-align: justify;\"><span style=\"font-family: 'trebuchet ms', geneva, sans-serif; font-size: 12pt;\">Caritas Subotica je 1. 08. 2008. pokrenuo Slu\u017ebu pomo\u0107i u ku\u0107i i bazi\u010dne nege na teritoriji op\u0161tine Mali I\u0111o\u0161. Pokretanje slu\u017ebe je finansiralo Pokrajinsko ve\u0107e za zdravstvo i socijalnu za\u0161titu, podr\u0161ku je dao gradona\u010delnik op\u0161tine Mali I\u0111o\u0161, i sura\u0111ivao Caritas dekanata Novi Sad.<\/span><\/p> <p style=\"text-align: justify;\"><span style=\"font-family: 'trebuchet ms', geneva, sans-serif; font-size: 12pt;\">U pripremnim radovima su sura\u0111ivali predstvanici Op\u0161tine, Zdravstvenog centra, Centar za socijalni rad i Forum \u017eena iz Malog I\u0111o\u0161a. Caritas Subotica, zajedno sa Caritasom dekanata Novi Sad su iz dobivenog konkursa osigurali sredstva za rad 2 zaposlena, a zatim je op\u0161tina Mali I\u0111o\u0161 preuzela finansiranje. 2009 godine je iz sredstava Fonda za socijalne inovacije opremljena kancelarija, kupljene su bicikle i sredstva za rad na terenu i jedna terenska kola. Te godine je zapo\u010dela intenzivna suradnja sa Forumom \u017eena u Malom I\u0111o\u0161u. Od 2010. slu\u017ebu finansira op\u0161tina Mali I\u0111o\u0161. Na konkursu Ministarstva za rad i zapo\u0161ljavanje i socijalnu za\u0161titu dobivenim sredstvima je Slu\u017eba oja\u010dana i uvedena slu\u017eba seoskih doma\u0107ina, koju organizira Forum \u017eena. Te dvije slu\u017ebe usko sura\u0111uju na dobro gra\u0111ana sa po tri suradnika.<\/span><\/p> <h3>Related Images:<\/h3>","protected":false},"excerpt":{"rendered":"<p>Caritas Subotica je 1. 08. 2008. pokrenuo Slu\u017ebu pomo\u0107i u ku\u0107i i bazi\u010dne nege na teritoriji op\u0161tine Mali I\u0111o\u0161. Pokretanje slu\u017ebe je finansiralo Pokrajinsko ve\u0107e za zdravstvo i socijalnu za\u0161titu, podr\u0161ku je dao gradona\u010delnik op\u0161tine Mali I\u0111o\u0161, i sura\u0111ivao Caritas dekanata Novi Sad. U pripremnim radovima su sura\u0111ivali predstvanici Op\u0161tine, Zdravstvenog centra, Centar za socijalni [&hellip;]<\/p>\n","protected":false},"author":1,"featured_media":0,"parent":96,"menu_order":0,"comment_status":"closed","ping_status":"closed","template":"","meta":{"ngg_post_thumbnail":0,"footnotes":""},"class_list":["post-114","page","type-page","status-publish","hentry"],"_links":{"self":[{"href":"https:\/\/www.caritas-su.org.rs\/index.php?rest_route=\/wp\/v2\/pages\/114","targetHints":{"allow":["GET"]}}],"collection":[{"href":"https:\/\/www.caritas-su.org.rs\/index.php?rest_route=\/wp\/v2\/pages"}],"about":[{"href":"https:\/\/www.caritas-su.org.rs\/index.php?rest_route=\/wp\/v2\/types\/page"}],"author":[{"embeddable":true,"href":"https:\/\/www.caritas-su.org.rs\/index.php?rest_route=\/wp\/v2\/users\/1"}],"replies":[{"embeddable":true,"href":"https:\/\/www.caritas-su.org.rs\/index.php?rest_route=%2Fwp%2Fv2%2Fcomments&post=114"}],"version-history":[{"count":1,"href":"https:\/\/www.caritas-su.org.rs\/index.php?rest_route=\/wp\/v2\/pages\/114\/revisions"}],"predecessor-version":[{"id":527,"href":"https:\/\/www.caritas-su.org.rs\/index.php?rest_route=\/wp\/v2\/pages\/114\/revisions\/527"}],"up":[{"embeddable":true,"href":"https:\/\/www.caritas-su.org.rs\/index.php?rest_route=\/wp\/v2\/pages\/96"}],"wp:attachment":[{"href":"https:\/\/www.caritas-su.org.rs\/index.php?rest_route=%2Fwp%2Fv2%2Fmedia&parent=114"}],"curies":[{"name":"wp","href":"https:\/\/api.w.org\/{rel}","templated":true}]}}

Mali Iđoš

<p style="text-align: justify;"><span style="font-family: 'trebuchet ms', geneva, sans-serif; font-size: 12pt;">Caritas Subotica je 1. 08. 2008. pokrenuo Službu pomoći u kući i bazične nege na teritoriji opštine Mali Iđoš. Pokretanje službe je finansiralo Pokrajinsko veće za zdravstvo i socijalnu zaštitu, podršku je dao gradonačelnik opštine Mali Iđoš, i surađivao Caritas dekanata Novi Sad.</span></p> <p style="text-align: justify;"><span style="font-family: 'trebuchet ms', geneva, sans-serif; font-size: 12pt;">U pripremnim radovima su surađivali predstvanici Opštine, Zdravstvenog centra, Centar za socijalni rad i Forum žena iz Malog Iđoša. Caritas Subotica, zajedno sa Caritasom dekanata Novi Sad su iz dobivenog konkursa osigurali sredstva za rad 2 zaposlena, a zatim je opština Mali Iđoš preuzela finansiranje. 2009 godine je iz sredstava Fonda za socijalne inovacije opremljena kancelarija, kupljene su bicikle i sredstva za rad na terenu i jedna terenska kola. Te godine je započela intenzivna suradnja sa Forumom žena u Malom Iđošu. Od 2010. službu finansira opština Mali Iđoš. Na konkursu Ministarstva za rad i zapošljavanje i socijalnu zaštitu dobivenim sredstvima je Služba ojačana i uvedena služba seoskih domaćina, koju organizira Forum žena. Te dvije službe usko surađuju na dobro građana sa po tri suradnika.</span></p> <h3>Related Images:</h3>

<p>Caritas Subotica je 1. 08. 2008. pokrenuo Službu pomoći u kući i bazične nege na teritoriji opštine Mali Iđoš. Pokretanje službe je finansiralo Pokrajinsko veće za zdravstvo i socijalnu zaštitu, podršku je dao gradonačelnik opštine Mali Iđoš, i surađivao Caritas dekanata Novi Sad. U pripremnim radovima su surađivali predstvanici Opštine, Zdravstvenog centra, Centar za socijalni [&hellip;]</p>
