{"id":102,"date":"2013-04-29T23:42:27","date_gmt":"2013-04-29T21:41:32","guid":{"rendered":"http:\/\/www.caritas-su.org.rs\/?page_id=102"},"modified":"2015-09-29T19:01:16","modified_gmt":"2015-09-29T17:01:16","slug":"subotica","status":"publish","type":"page","link":"https:\/\/www.caritas-su.org.rs\/?page_id=102","title":{"rendered":"Subotica"},"content":{"rendered":"<p><strong>SUBOTICA <\/strong><\/p> <p><strong>HEIMPFLEGE<\/strong> \u2013 Die Wiege des Heimdienstes unserer Di\u00f6zese war ein Pilot-Projekt, das 1,5 Jahre dauerte zwischen 2001 und 2002, und wurde von Caritas Linz unterst\u00fctzt. Am 1. Januar 2003 begann die Arbeit, im Rahmen des Nationalen Hauspflegeprojekt, mit 12 Mitarbeitern, mit der Unterst\u00fctzung von Caritas Europa.<\/p> <p>Die Mitarbeiter wurden zu dieser verantwortungsvollen \u00a0edlen Aufgabe gr\u00fcndlich vorbereitet. Bei dieser Vorbereitung bekam unsere Caritas beachtungswerte Beihilfe und Beistand von dem Gerontologischem Zentrum Subotica, der Caritas Europas, der Caritas Deutschlands, der \u00a0Caritas Linz und Nationalcaritas. Die Leiter des Dienstes haben sich sehr viel M\u00fche gegeben, damit sich der Hausdienst erhalten kann, die Benutzer zufrieden werden, und es den Erwartungen der Bef\u00f6rderer, den Nutznie\u00dfern, den Fachleuten und der \u00d6ffentlichkeit entspricht.<\/p> <p>Seit 2005 unterst\u00fctzt\u00a0 auch die Stadt Subotica finanziell den Heimpflegedienst. Zwischen 2007 und 2009 wirkte der Dienst\u00a0 durch die Finanzierung der Europ\u00e4ischen Union, dank der Vermittlung der Deutschen Caritas. Vom Jahr 2010 bis 2012 unterst\u00fctzte den Dienst die Stiftung BMZ Deutschland. Die Stadt Subotica erh\u00f6hte zweimal ihre finanziellen Donationen \u2013 2009 und 2012 \u2013, da sie gesehen hat, wie gro\u00df die Not unter den B\u00fcrgern war, so sichert die Stadt das Lohn 8 unserer Mitarbeiter.<\/p> <p><strong>CARITAS CLUB<\/strong><\/p> <p>Caritas Gorizia, zusammen mit einigen Dioecesancaritas, unterst\u00fctzte 2001-2002 die Renovierung und Adaptierung\u00a0 vom Geb\u00e4ude von \u00dajfalu in Subotica nach dem Bedarf des Caritas-Clubs. Die Adaptierung wurde bis M\u00e4rz 2002 beendet und von da an begann die T\u00e4tigkeit. Vom Jahr 2003 organisierten wir die Arbeit als Teil des Landesprojekts. Neben dem Cluborganisator eine Bedienerin, und ein Autofahrer-Eink\u00e4ufer, halbzeitlich angestellt\u00a0 versahen die gesellschaftliche Rehabilitierung der Alleinstehenden und Alten.<\/p> <p>Die Mitglieder des Clubs haben die M\u00f6glichkeit miteinander Gespr\u00e4che zu f\u00fchren, Zeitungen und Zeitschriften zu lesen, sich an Handarbeit und Kunstbesch\u00e4ftigungen, an Rehabilitationsgymnastik, Chorgesang zu beteiligen. Ein Arzt kontrollierte w\u00f6chentlich ihren Blutdruck und Blutzuckerwert, und versah sie mit Ratschl\u00e4gen. Es stand ihnen auch ein Seelsorger zur Verf\u00fcgung. Wir veranstalteten f\u00fcr sie Vortr\u00e4ge in Verbindung mit Altersproblemen, Ausfl\u00fcge, Baals. Die Festtage haben wir mit Kinderch\u00f6ren, Sternsingern gefeiert. Die Finanzierung hat die Caritas Gorizia, das Landesprojekt f\u00fcr Altersversorgung, die Caritas Aosta und Caritas Linz gesichert. Vom Jahr 2014 wird die Arbeit ehrenamtlich gef\u00fchrt, da wir keine Donation f\u00fcr Angestellte gefunden haben. Die Stadt Subotica deckt die Kosten der Aufrechterhaltung.<\/p> <p><strong>Die Bef\u00f6rderung der \u00e4lteren Menschen<\/strong> zum Arzt, ins Krankenhaus, zur Rehabilitation begannen wir im September 2011, dank der Unterst\u00fctzung der \u00f6sterreichischen Caritas Linz. Bis Ende des Jahres wurde 368 Frachten realisiert.<\/p> <p><strong>Der Kampf gegen Suchtkrankheiten<\/strong> wurde im Jahr 2011 durch zwei Projekte realisiert. Einer der Kurse war &#8220;der erste Schritt in der Pr\u00e4vention&#8221; benannt, an dem 135 Grundschullehrer teilgenommen haben. Dieses Projekt wurde von der ungarischen Geburtsland-Stiftung, der Stadt Subotica, der Neudorfer Pfarrei und den Schulen selbst unterst\u00fctzt. Das zweite Projekt wurde in den Grundschulen organisiert mit der Unterst\u00fctzung und im Einverst\u00e4ndnis des Rates gegen Suchtkrankheiten der Stadt Subotica.<\/p> <p><strong>F\u00fcr die marginalisierten Jugendlichen<\/strong> wurde ein Computerkurs organisiert, an dem 11 Jugendlich teilgenommen haben. Sowohl die Aktivit\u00e4t als auch einen Teil der Ausr\u00fcstung wurde von der ungarischen Geburtsland-Stiftung finanziert.<\/p> <p><strong>Die Sammlung von Spenden<\/strong> an Lebensmittel, Kleidung, Schuhe, M\u00f6bel und \u00d6fen dauert w\u00e4hrend des ganzen Jahres . Im\u00a0 KTC-Supermarkt wurden zu Ostern und Weihnachten Sammlungen in Subotica, Senta, \u00d3becse und Apatin organisiert. Das Gymnasium Svetozar Markovic in Subotica organisierte eine Sammlung von Lebensmittel an dem Welttag der Armen. Die gesamte Spende \u00fcbergaben uns die Organisatoren, um sie den Bed\u00fcrftigen zu verteilen.<\/p> <h3>Related Images:<\/h3>","protected":false},"excerpt":{"rendered":"<p>SUBOTICA HEIMPFLEGE \u2013 Die Wiege des Heimdienstes unserer Di\u00f6zese war ein Pilot-Projekt, das 1,5 Jahre dauerte zwischen 2001 und 2002, und wurde von Caritas Linz unterst\u00fctzt. Am 1. Januar 2003 begann die Arbeit, im Rahmen des Nationalen Hauspflegeprojekt, mit 12 Mitarbeitern, mit der Unterst\u00fctzung von Caritas Europa. Die Mitarbeiter wurden zu dieser verantwortungsvollen \u00a0edlen Aufgabe [&hellip;]<\/p>\n","protected":false},"author":1,"featured_media":0,"parent":95,"menu_order":0,"comment_status":"closed","ping_status":"closed","template":"","meta":{"ngg_post_thumbnail":0,"footnotes":""},"class_list":["post-102","page","type-page","status-publish","hentry"],"_links":{"self":[{"href":"https:\/\/www.caritas-su.org.rs\/index.php?rest_route=\/wp\/v2\/pages\/102","targetHints":{"allow":["GET"]}}],"collection":[{"href":"https:\/\/www.caritas-su.org.rs\/index.php?rest_route=\/wp\/v2\/pages"}],"about":[{"href":"https:\/\/www.caritas-su.org.rs\/index.php?rest_route=\/wp\/v2\/types\/page"}],"author":[{"embeddable":true,"href":"https:\/\/www.caritas-su.org.rs\/index.php?rest_route=\/wp\/v2\/users\/1"}],"replies":[{"embeddable":true,"href":"https:\/\/www.caritas-su.org.rs\/index.php?rest_route=%2Fwp%2Fv2%2Fcomments&post=102"}],"version-history":[{"count":3,"href":"https:\/\/www.caritas-su.org.rs\/index.php?rest_route=\/wp\/v2\/pages\/102\/revisions"}],"predecessor-version":[{"id":654,"href":"https:\/\/www.caritas-su.org.rs\/index.php?rest_route=\/wp\/v2\/pages\/102\/revisions\/654"}],"up":[{"embeddable":true,"href":"https:\/\/www.caritas-su.org.rs\/index.php?rest_route=\/wp\/v2\/pages\/95"}],"wp:attachment":[{"href":"https:\/\/www.caritas-su.org.rs\/index.php?rest_route=%2Fwp%2Fv2%2Fmedia&parent=102"}],"curies":[{"name":"wp","href":"https:\/\/api.w.org\/{rel}","templated":true}]}}

<p><strong>SUBOTICA </strong></p> <p><strong>HEIMPFLEGE</strong> – Die Wiege des Heimdienstes unserer Diözese war ein Pilot-Projekt, das 1,5 Jahre dauerte zwischen 2001 und 2002, und wurde von Caritas Linz unterstützt. Am 1. Januar 2003 begann die Arbeit, im Rahmen des Nationalen Hauspflegeprojekt, mit 12 Mitarbeitern, mit der Unterstützung von Caritas Europa.</p> <p>Die Mitarbeiter wurden zu dieser verantwortungsvollen  edlen Aufgabe gründlich vorbereitet. Bei dieser Vorbereitung bekam unsere Caritas beachtungswerte Beihilfe und Beistand von dem Gerontologischem Zentrum Subotica, der Caritas Europas, der Caritas Deutschlands, der  Caritas Linz und Nationalcaritas. Die Leiter des Dienstes haben sich sehr viel Mühe gegeben, damit sich der Hausdienst erhalten kann, die Benutzer zufrieden werden, und es den Erwartungen der Beförderer, den Nutznießern, den Fachleuten und der Öffentlichkeit entspricht.</p> <p>Seit 2005 unterstützt  auch die Stadt Subotica finanziell den Heimpflegedienst. Zwischen 2007 und 2009 wirkte der Dienst  durch die Finanzierung der Europäischen Union, dank der Vermittlung der Deutschen Caritas. Vom Jahr 2010 bis 2012 unterstützte den Dienst die Stiftung BMZ Deutschland. Die Stadt Subotica erhöhte zweimal ihre finanziellen Donationen – 2009 und 2012 –, da sie gesehen hat, wie groß die Not unter den Bürgern war, so sichert die Stadt das Lohn 8 unserer Mitarbeiter.</p> <p><strong>CARITAS CLUB</strong></p> <p>Caritas Gorizia, zusammen mit einigen Dioecesancaritas, unterstützte 2001-2002 die Renovierung und Adaptierung  vom Gebäude von Újfalu in Subotica nach dem Bedarf des Caritas-Clubs. Die Adaptierung wurde bis März 2002 beendet und von da an begann die Tätigkeit. Vom Jahr 2003 organisierten wir die Arbeit als Teil des Landesprojekts. Neben dem Cluborganisator eine Bedienerin, und ein Autofahrer-Einkäufer, halbzeitlich angestellt  versahen die gesellschaftliche Rehabilitierung der Alleinstehenden und Alten.</p> <p>Die Mitglieder des Clubs haben die Möglichkeit miteinander Gespräche zu führen, Zeitungen und Zeitschriften zu lesen, sich an Handarbeit und Kunstbeschäftigungen, an Rehabilitationsgymnastik, Chorgesang zu beteiligen. Ein Arzt kontrollierte wöchentlich ihren Blutdruck und Blutzuckerwert, und versah sie mit Ratschlägen. Es stand ihnen auch ein Seelsorger zur Verfügung. Wir veranstalteten für sie Vorträge in Verbindung mit Altersproblemen, Ausflüge, Baals. Die Festtage haben wir mit Kinderchören, Sternsingern gefeiert. Die Finanzierung hat die Caritas Gorizia, das Landesprojekt für Altersversorgung, die Caritas Aosta und Caritas Linz gesichert. Vom Jahr 2014 wird die Arbeit ehrenamtlich geführt, da wir keine Donation für Angestellte gefunden haben. Die Stadt Subotica deckt die Kosten der Aufrechterhaltung.</p> <p><strong>Die Beförderung der älteren Menschen</strong> zum Arzt, ins Krankenhaus, zur Rehabilitation begannen wir im September 2011, dank der Unterstützung der österreichischen Caritas Linz. Bis Ende des Jahres wurde 368 Frachten realisiert.</p> <p><strong>Der Kampf gegen Suchtkrankheiten</strong> wurde im Jahr 2011 durch zwei Projekte realisiert. Einer der Kurse war &#8220;der erste Schritt in der Prävention&#8221; benannt, an dem 135 Grundschullehrer teilgenommen haben. Dieses Projekt wurde von der ungarischen Geburtsland-Stiftung, der Stadt Subotica, der Neudorfer Pfarrei und den Schulen selbst unterstützt. Das zweite Projekt wurde in den Grundschulen organisiert mit der Unterstützung und im Einverständnis des Rates gegen Suchtkrankheiten der Stadt Subotica.</p> <p><strong>Für die marginalisierten Jugendlichen</strong> wurde ein Computerkurs organisiert, an dem 11 Jugendlich teilgenommen haben. Sowohl die Aktivität als auch einen Teil der Ausrüstung wurde von der ungarischen Geburtsland-Stiftung finanziert.</p> <p><strong>Die Sammlung von Spenden</strong> an Lebensmittel, Kleidung, Schuhe, Möbel und Öfen dauert während des ganzen Jahres . Im  KTC-Supermarkt wurden zu Ostern und Weihnachten Sammlungen in Subotica, Senta, Óbecse und Apatin organisiert. Das Gymnasium Svetozar Markovic in Subotica organisierte eine Sammlung von Lebensmittel an dem Welttag der Armen. Die gesamte Spende übergaben uns die Organisatoren, um sie den Bedürftigen zu verteilen.</p> <h3>Related Images:</h3>

<p>SUBOTICA HEIMPFLEGE – Die Wiege des Heimdienstes unserer Diözese war ein Pilot-Projekt, das 1,5 Jahre dauerte zwischen 2001 und 2002, und wurde von Caritas Linz unterstützt. Am 1. Januar 2003 begann die Arbeit, im Rahmen des Nationalen Hauspflegeprojekt, mit 12 Mitarbeitern, mit der Unterstützung von Caritas Europa. Die Mitarbeiter wurden zu dieser verantwortungsvollen  edlen Aufgabe [&hellip;]</p>
