{"id":439,"date":"2015-05-27T17:35:52","date_gmt":"2015-05-27T15:32:49","guid":{"rendered":"http:\/\/www.caritas-su.org.rs\/?page_id=439"},"modified":"2016-02-10T15:45:24","modified_gmt":"2016-02-10T14:45:24","slug":"plebaniai-caritasok","status":"publish","type":"page","link":"http:\/\/www.caritas-su.org.rs\/?page_id=439","title":{"rendered":"Pl\u00e9b\u00e1niai Caritasok"},"content":{"rendered":"<p><strong>Besz\u00e1mol\u00f3 a kishegyesi Caritas csoport munk\u00e1j\u00e1r\u00f3l a 2015-ben<\/strong><\/p> <p><strong>2015.II. 17<\/strong>-\u00e9n tal\u00e1lkoztunk az \u00faj \u00e9vben el\u0151sz\u00f6r.<\/p> <p>F\u0151bb t\u00e9m\u00e1ink: 3.735,00 din\u00e1r gy\u0171lt \u00f6ssze a kar\u00e1csonyi gy\u0171jt\u00e9sb\u0151l. Mirnics J\u00f3zsef p\u00e9nzt\u00e1ros \u00e1tadta az esperes aty\u00e1nak.<\/p> <p>Ruhanem\u0171t v\u00e1logattunk: Szabadk\u00e1r\u00f3l, Topoly\u00e1r\u00f3l \u00e9rkezett t\u00f6bb zs\u00e1k kab\u00e1t, sz\u00f6vet szoknya, bl\u00fazok, ingek. Az \u00f6nk\u00e9ntesek sz\u00e9tosztottak bel\u0151le a r\u00e1szorul\u00f3 szem\u00e9lyeknek.<\/p> <p><strong>2015.III.6.<\/strong> Gy\u0171lnek az adom\u00e1nyok a h\u00fasv\u00e9ti \u00e9lelmiszercsomagokba. Csokol\u00e1d\u00e9, szappan, toj\u00e1s, k\u00e9szleves ker\u00fclt a szok\u00e1sos sz\u00e1raz \u00e9lelmiszer mell\u00e9, ami tartalmazott lisztet, cukrot, s\u00f3t, olajt, rizs\u00e1t \u00e9s t\u00e9szt\u00e1t.<\/p> <p><strong>2015.III.24<\/strong>. Csomagok k\u00e9sz\u00fcltek H\u00fasv\u00e9tra. Az aktivist\u00e1k \u00e9s az esperes atya hordta sz\u00e9t a faluba a megaj\u00e1nd\u00e9kozott 35 szem\u00e9lynek.<\/p> <p><strong>M\u00e1jus els\u0151 vas\u00e1rnapj\u00e1n<\/strong> r\u00e9szt vett\u00fck az any\u00e1k napi \u00fcnneps\u00e9gen, ami szentmis\u00e9vel kezd\u0151d\u00f6tt, majd felvonul\u00e1s \u00e9s t\u00f6bb sz\u00e9p program amit a falu civil szervezetei k\u00f6z\u00f6sen k\u00e9sz\u00edtettek.<\/p> <p><strong>M\u00e1jus harmadik vas\u00e1rnapj\u00e1n<\/strong> betegek mis\u00e9je volt templomunkban. El\u0151k\u00e9sz\u00edtett\u00fck a sz\u00e1ll\u00edt\u00e1st, telefonon \u00e9rtes\u00edtett\u00fck betegeinket, \u00e9s \u00f6sszehangoltuk az aut\u00f3s aktivist\u00e1k munk\u00e1j\u00e1t. Az aktivist\u00e1k s\u00fctem\u00e9nyt k\u00e9sz\u00edtettek, valamint a hitk\u00f6zs\u00e9g akt\u00edv asszonyai te\u00e1t, sz\u00f6rp\u00f6t osztottak, b\u0151ven volt kifli is, amit az esperes atya biztos\u00edtott. Sz\u00e9p sz\u00e1mmal j\u00f6ttek el a betegek k\u00eds\u00e9r\u0151ikkel, legal\u00e1bb 15-18 aut\u00f3s szem\u00e9lyt tudtunk felk\u00e9rni a betegsz\u00e1ll\u00edt\u00e1sra. A Caritas munkat\u00e1rsai mellett jelen volt a Geronto-szolg\u00e1lat munkak\u00f6z\u00f6ss\u00e9ge \u00e9s felhaszn\u00e1l\u00f3k is.<\/p> <p><strong>A ny\u00e1ri h\u00f3napokban<\/strong> folytattuk a beteg, id\u0151s szem\u00e9lyek l\u00e1togat\u00e1s\u00e1t \u00e9s lelki meger\u0151s\u00edt\u00e9s\u00e9t.<\/p> <p><strong>Augusztusban<\/strong> ell\u00e1togattunk Csantav\u00e9rre, az &#8220;Istv\u00e1n a Kir\u00e1ly&#8221; el\u0151ad\u00e1sra, szervezetten, t\u00f6bb aut\u00f3val. Nagyon sz\u00e9p \u00e9lm\u00e9ny volt mindannyiunknak.<\/p> <p>A Caritas csoport \u00f6nk\u00e9ntese jelentkezett a Reggeli Ima elnevez\u00e9s\u0171 imalap horv\u00e1t nyelvr\u0151l magyarra ford\u00edt\u00f3 munk\u00e1ra, \u00e9s ezt a feladatot az\u00f3ta is ell\u00e1tja \u00f6nk\u00e9ntesen. Sok beteg\u00fcnk szereti \u00e9s k\u00e9ri az imalapot.<\/p> <p><strong>2015.X.6<\/strong>-\u00e1n megint \u00f6ssze\u00fclt a csoport. K\u00e9sz\u00edtett\u00fcnk egy list\u00e1t azokr\u00f3l a szem\u00e9lyekr\u0151l, akiket okt\u00f3ber 17-\u00e9n a szeg\u00e9nys\u00e9g elleni k\u00fczdelem vil\u00e1gnapj\u00e1n megaj\u00e1nd\u00e9kozunk. Esperes atya t\u00e1mogatta az \u00f6tletet, h\u00e9t csal\u00e1d kapott csomagot, egy-egy kil\u00f3 sz\u00e1razkekszet illetve csokol\u00e1d\u00e9s kekszet, rizs\u00e1t \u00e9s fogkr\u00e9met adom\u00e1nyoztunk t\u00e1mogat\u00f3inknak k\u00f6sz\u00f6nve. Megaj\u00e1nd\u00e9kozottjaink, nagycsal\u00e1dosok, \u00e1gyhoz k\u00f6t\u00f6tt betegek \u00e9s szeg\u00e9ny sors\u00fa embert\u00e1rsaink voltak.<\/p> <p><strong>2015.XII. 1.<\/strong> A Caritas csoport gy\u0171jt\u00e9se: 40 \u00a0kar\u00e1csonyi csomag k\u00e9sz\u00fclt. A n\u00e9vsort k\u00f6z\u00f6sen \u00e1ll\u00edtottuk \u00f6ssze. A csomagba ker\u00fclt rizsa, t\u00e9szta, liszt, cukor, olaj, s\u00f3, alma, \u00e9dess\u00e9g \u00e9s s\u00fctem\u00e9ny. Az \u00f6nk\u00e9ntesek \u00e9s az esperes atya v\u00e1llalta a sz\u00e9tsz\u00e1ll\u00edt\u00e1st.<\/p> <p><strong>2015.XII.25<\/strong>. Kar\u00e1csonyi gy\u0171jt\u00e9sb\u0151l 3.670,00 din\u00e1r gy\u0171lt \u00f6ssze, amit az esperes aty\u00e1nak \u00e1tadott a p\u00e9nzt\u00e1ros.<\/p> <h3>Related Images:<\/h3>","protected":false},"excerpt":{"rendered":"<p>Besz\u00e1mol\u00f3 a kishegyesi Caritas csoport munk\u00e1j\u00e1r\u00f3l a 2015-ben 2015.II. 17-\u00e9n tal\u00e1lkoztunk az \u00faj \u00e9vben el\u0151sz\u00f6r. F\u0151bb t\u00e9m\u00e1ink: 3.735,00 din\u00e1r gy\u0171lt \u00f6ssze a kar\u00e1csonyi gy\u0171jt\u00e9sb\u0151l. Mirnics J\u00f3zsef p\u00e9nzt\u00e1ros \u00e1tadta az esperes aty\u00e1nak. Ruhanem\u0171t v\u00e1logattunk: Szabadk\u00e1r\u00f3l, Topoly\u00e1r\u00f3l \u00e9rkezett t\u00f6bb zs\u00e1k kab\u00e1t, sz\u00f6vet szoknya, bl\u00fazok, ingek. Az \u00f6nk\u00e9ntesek sz\u00e9tosztottak bel\u0151le a r\u00e1szorul\u00f3 szem\u00e9lyeknek. 2015.III.6. Gy\u0171lnek az adom\u00e1nyok a [&hellip;]<\/p>\n","protected":false},"author":1,"featured_media":0,"parent":369,"menu_order":1,"comment_status":"closed","ping_status":"open","template":"template-sidebar-right.php","meta":{"ngg_post_thumbnail":0,"footnotes":""},"class_list":["post-439","page","type-page","status-publish","hentry"],"_links":{"self":[{"href":"http:\/\/www.caritas-su.org.rs\/index.php?rest_route=\/wp\/v2\/pages\/439","targetHints":{"allow":["GET"]}}],"collection":[{"href":"http:\/\/www.caritas-su.org.rs\/index.php?rest_route=\/wp\/v2\/pages"}],"about":[{"href":"http:\/\/www.caritas-su.org.rs\/index.php?rest_route=\/wp\/v2\/types\/page"}],"author":[{"embeddable":true,"href":"http:\/\/www.caritas-su.org.rs\/index.php?rest_route=\/wp\/v2\/users\/1"}],"replies":[{"embeddable":true,"href":"http:\/\/www.caritas-su.org.rs\/index.php?rest_route=%2Fwp%2Fv2%2Fcomments&post=439"}],"version-history":[{"count":3,"href":"http:\/\/www.caritas-su.org.rs\/index.php?rest_route=\/wp\/v2\/pages\/439\/revisions"}],"predecessor-version":[{"id":930,"href":"http:\/\/www.caritas-su.org.rs\/index.php?rest_route=\/wp\/v2\/pages\/439\/revisions\/930"}],"up":[{"embeddable":true,"href":"http:\/\/www.caritas-su.org.rs\/index.php?rest_route=\/wp\/v2\/pages\/369"}],"wp:attachment":[{"href":"http:\/\/www.caritas-su.org.rs\/index.php?rest_route=%2Fwp%2Fv2%2Fmedia&parent=439"}],"curies":[{"name":"wp","href":"https:\/\/api.w.org\/{rel}","templated":true}]}}