{"id":117,"date":"2013-04-29T23:50:01","date_gmt":"2013-04-29T21:50:01","guid":{"rendered":"http:\/\/www.caritas-su.org.rs\/?page_id=117"},"modified":"2015-05-28T11:41:29","modified_gmt":"2015-05-28T09:41:29","slug":"mali-idos","status":"publish","type":"page","link":"http:\/\/www.caritas-su.org.rs\/?page_id=117","title":{"rendered":"Mali I\u0111os"},"content":{"rendered":"<p style=\"text-align: justify;\"><span style=\"font-family: 'trebuchet ms', geneva, sans-serif; font-size: 12pt;\">Caritas Subotica hat am 1. August 2008 den Hauspflegedienst in Mali I\u0111os gegr\u00fcndet.<\/span><br \/> <span style=\"font-family: 'trebuchet ms', geneva, sans-serif; font-size: 12pt;\"> Der Dienst kam mit Hilfe des Sekretariats f\u00fcr Gesundheit und sozialen Schutz von dem Autonomen Gebiet der Woiwodina, des B\u00fcrgermeisters von Mali I\u0111os und der Caritas Novi Sad zustande. In den Vorbereitungen des Dienstes nahmen Vertreter der Gemeinde Mali I\u0111os, das Gesundheitszentrum in Mali I\u0111os, das Zentrum f\u00fcr Sozialarbeit in Mali I\u0111os und das Frauenforum in Mali I\u0111os teil.<\/span><\/p> <p style=\"text-align: justify;\"><span style=\"font-family: 'trebuchet ms', geneva, sans-serif; font-size: 12pt;\">Caritas Subotica sicherte 5 Monate lang die Geh\u00e4lter f\u00fcr zwei Mitarbeiter und nach dieser Periode sicherte dem finanziellen Mittel f\u00fcr die Fortsetzung und Entwicklung des Dienstes\u00a0 die Gemeinde Mali I\u0111os. 2009 wurde mit Hilfe des Fonds f\u00fcr soziale Innovationen (Fond za socijalne Inovacije) ein B\u00fcro ausger\u00fcstet. Man besorgte Fahrr\u00e4der, notwendige medizinische Ausstattung und Hygienematerialien, Telefone und sogar einen Jeep.<\/span><\/p> <p style=\"text-align: justify;\"><span style=\"font-family: 'trebuchet ms', geneva, sans-serif; font-size: 12pt;\">In diesem Jahr begann eine intensive Zusammenarbeit mit dem Frauenforum in Mali I\u0111os. Im Jahr 2010 wurde die T\u00e4tigkeit des Dienstes vollst\u00e4ndig von der Gemeinde Mali I\u0111os finanziert.<\/span><\/p> <p style=\"text-align: justify;\"><span style=\"font-family: 'trebuchet ms', geneva, sans-serif; font-size: 12pt;\">Mit dem, an Projekten des Ministeriums f\u00fcr Arbeit und Sozialpolitik, gewonnenen finanziellen Mitteln, erweitert Mali I\u0111os den Dienst. Dank dieses Projekts hat Caritas ihre Kapazit\u00e4t verdoppelt, \u00e4hnlich wie das Frauenforum, das einen Dorfw\u00e4rter in jeder Siedlung engagierte. Der Hauspflegedienst arbeitet mit dem Dorfw\u00e4rter zusammen, und so helfen sie einander. Im Jahr 2012 wurde der Dienst vom Budget des Gemeindehaushalts finanziert.<\/span><\/p> <h3>Related Images:<\/h3>","protected":false},"excerpt":{"rendered":"<p>Caritas Subotica hat am 1. August 2008 den Hauspflegedienst in Mali I\u0111os gegr\u00fcndet. Der Dienst kam mit Hilfe des Sekretariats f\u00fcr Gesundheit und sozialen Schutz von dem Autonomen Gebiet der Woiwodina, des B\u00fcrgermeisters von Mali I\u0111os und der Caritas Novi Sad zustande. In den Vorbereitungen des Dienstes nahmen Vertreter der Gemeinde Mali I\u0111os, das Gesundheitszentrum [&hellip;]<\/p>\n","protected":false},"author":1,"featured_media":0,"parent":95,"menu_order":0,"comment_status":"closed","ping_status":"closed","template":"","meta":{"ngg_post_thumbnail":0,"footnotes":""},"class_list":["post-117","page","type-page","status-publish","hentry"],"_links":{"self":[{"href":"http:\/\/www.caritas-su.org.rs\/index.php?rest_route=\/wp\/v2\/pages\/117","targetHints":{"allow":["GET"]}}],"collection":[{"href":"http:\/\/www.caritas-su.org.rs\/index.php?rest_route=\/wp\/v2\/pages"}],"about":[{"href":"http:\/\/www.caritas-su.org.rs\/index.php?rest_route=\/wp\/v2\/types\/page"}],"author":[{"embeddable":true,"href":"http:\/\/www.caritas-su.org.rs\/index.php?rest_route=\/wp\/v2\/users\/1"}],"replies":[{"embeddable":true,"href":"http:\/\/www.caritas-su.org.rs\/index.php?rest_route=%2Fwp%2Fv2%2Fcomments&post=117"}],"version-history":[{"count":5,"href":"http:\/\/www.caritas-su.org.rs\/index.php?rest_route=\/wp\/v2\/pages\/117\/revisions"}],"predecessor-version":[{"id":537,"href":"http:\/\/www.caritas-su.org.rs\/index.php?rest_route=\/wp\/v2\/pages\/117\/revisions\/537"}],"up":[{"embeddable":true,"href":"http:\/\/www.caritas-su.org.rs\/index.php?rest_route=\/wp\/v2\/pages\/95"}],"wp:attachment":[{"href":"http:\/\/www.caritas-su.org.rs\/index.php?rest_route=%2Fwp%2Fv2%2Fmedia&parent=117"}],"curies":[{"name":"wp","href":"https:\/\/api.w.org\/{rel}","templated":true}]}}